r when 139512 is divided by 186.
12
What is the remainder when 4842 is divided by 1350?
792
Calculate the remainder when 16292 is divided by 1100.
892
What is the remainder when 164433 is divided by 59?
0
Calculate the remainder when 174406 is divided by 172.
170
What is the remainder when 1454 is divided by 853?
601
What is the remainder when 4101 is divided by 32?
5
What is the remainder when 61842 is divided by 24?
18
What is the remainder when 3592 is divided by 524?
448
What is the remainder when 53403 is divided by 11?
9
Calculate the remainder when 36631 is divided by 18305.
21
Calculate the remainder when 1821 is divided by 295.
51
Calculate the remainder when 3217 is divided by 21.
4
Calculate the remainder when 83098 is divided by 50.
48
What is the remainder when 14683 is divided by 312?
19
Calculate the remainder when 95331 is divided by 37.
19
What is the remainder when 2967 is divided by 6?
3
Calculate the remainder when 3327 is divided by 919.
570
What is the remainder when 988 is divided by 208?
156
What is the remainder when 4715947 is divided by 24?
19
What is the remainder when 71704 is divided by 111?
109
Calculate the remainder when 8052 is divided by 1608.
12
What is the remainder when 1562 is divided by 417?
311
What is the remainder when 5745 is divided by 158?
57
Calculate the remainder when 7844 is divided by 68.
24
What is the remainder when 4617 is divided by 360?
297
What is the remainder when 833 is divided by 68?
17
Calculate the remainder when 8731 is divided by 275.
206
What is the remainder when 2062 is divided by 2035?
27
Calculate the remainder when 94598 is divided by 1786.
1726
What is the remainder when 14758 is divided by 1341?
7
What is the remainder when 3037 is divided by 900?
337
What is the remainder when 93415 is divided by 76?
11
Calculate the remainder when 1488 is divided by 360.
48
What is the remainder when 290847 is divided by 302?
21
Calculate the remainder when 3910 is divided by 1818.
274
What is the remainder when 5671 is divided by 106?
53
Calculate the remainder when 1704825 is divided by 732.
729
Calculate the remainder when 6293 is divided by 2895.
503
Calculate the remainder when 952 is divided by 30.
22
What is the remainder when 20000 is divided by 1428?
8
What is the remainder when 3026 is divided by 197?
71
Calculate the remainder when 31728 is divided by 1322.
0
Calculate the remainder when 3582 is divided by 363.
315
Calculate the remainder when 1357615 is divided by 446.
437
Calculate the remainder when 255731 is divided by 15.
11
What is the remainder when 289295 is divided by 49?
48
Calculate the remainder when 7618 is divided by 12.
10
What is the remainder when 116466 is divided by 9?
6
Calculate the remainder when 52601 is divided by 4.
1
What is the remainder when 4818 is divided by 46?
34
What is the remainder when 4277276 is divided by 42?
38
Calculate the remainder when 1491632 is divided by 18.
8
Calculate the remainder when 2784 is divided by 47.
11
What is the remainder when 289450 is divided by 72362?
2
What is the remainder when 3987 is divided by 38?
35
What is the remainder when 2882 is divided by 672?
194
What is the remainder when 132106 is divided by 718?
712
What is the remainder when 534573 is divided by 1889?
1875
What is the remainder when 23131 is divided by 503?
496
What is the remainder when 323824 is divided by 10794?
4
Calculate the remainder when 2597 is divided by 4.
1
Calculate the remainder when 3178 is divided by 1050.
28
Calculate the remainder when 7299 is divided by 2426.
21
What is the remainder when 21115 is divided by 12?
7
Calculate the remainder when 19588 is divided by 141.
130
Calculate the remainder when 449484 is divided by 359.
16
Calculate the remainder when 3619149 is divided by 144.
141
Calculate the remainder when 1732 is divided by 3.
1
What is the remainder when 344 is divided by 277?
67
What is the remainder when 789 is divided by 96?
21
What is the remainder when 15387 is divided by 27?
24
What is the remainder when 8666 is divided by 672?
602
What is the remainder when 29629 is divided by 8?
5
What is the remainder when 104366 is divided by 34783?
17
Calculate the remainder when 4189 is divided by 50.
39
Calculate the remainder when 3609 is divided by 922.
843
Calculate the remainder when 14560 is divided by 59.
46
What is the remainder when 6769 is divided by 1461?
925
What is the remainder when 1056 is divided by 511?
34
What is the remainder when 172646 is divided by 218?
208
What is the remainder when 825533 is divided by 17?
13
What is the remainder when 394349 is divided by 16?
13
Calculate the remainder when 181836 is divided by 46.
44
Calculate the remainder when 16507 is divided by 17.
0
Calculate the remainder when 18402 is divided by 355.
297
What is the remainder when 6334 is divided by 131?
46
What is the remainder when 59666 is divided by 169?
9
Calculate the remainder when 41985 is divided by 1167.
1140
Calculate the remainder when 4235095 is divided by 25.
20
What is the remainder when 605 is divided by 197?
14
What is the remainder when 22035 is divided by 10?
5
What is the remainder when 821 is divided by 335?
151
What is the remainder when 383 is divided by 378?
5
Calculate the remainder when 35323 is divided by 34.
31
What is the remainder when 5734 is divided by 260?
14
Calculate the remainder when 5575 is divided by 39.
37
Calculate the remainder when 55066 is divided by 1449.
4
Calculate the remainder when 3659 is divided by 13.
6
Calculate the remainder when 12279 is divided by 101.
58
Calculate the remainder when 954440 is divided by 24.
8
What is the remainder when 57696 is divided by 8242?
2
What is the remainder when 6216 is divided by 877?
77
Calculate the remainder when 825963 is divided by 208.
203
Calculate the remainder when 785590 is divided by 131.
114
Calculate the remainder when 17799 is divided by 2220.
39
Calculate the remainder when 3592 is divided by 300.
292
Calculate the remainder when 175915 is divided by 24.
19
Calculate the remainder when 3222 is divided by 172.
126
What is the remainder when 101622 is divided by 94?
8
What is the remainder when 21571 is divided by 36?
7
Calculate the remainder when 323376 is divided by 37.
33
Calculate the remainder when 18249 is divided by 18249.
0
Calculate the remainder when 4022 is divided by 790.
72
Calculate the remainder when 4798 is divided by 434.
24
Calculate the remainder when 833703 is divided by 66.
57
Calculate the remainder when 1475 is divided by 1428.
47
Calculate the remainder when 6078885 is divided by 106.
103
Calculate the remainder when 28934 is divided by 150.
134
What is the remainder when 295363 is divided by 49226?
7
What is the remainder when 39094 is divided by 19538?
18
Calculate the remainder when 72471 is divided by 12070.
51
What is the remainder when 4766 is divided by 417?
179
What is the remainder when 65199 is divided by 65?
4
What is the remainder when 2021 is divided by 1004?
13
Calculate the remainder when 1425 is divided by 371.
312
Calculate the remainder when 5722 is divided by 1128.
82
Calculate the remainder when 1183 is divided by 121.
94
Calculate the remainder when 186 is divided by 58.
12
What is the remainder when 21804 is divided by 7252?
48
Calculate the remainder when 6694 is divided by 447.
436
What is the remainder when 864 is divided by 17?
14
Calculate the remainder when 17101 is divided by 2838.
73
What is the remainder when 25321 is divided by 25255?
66
What is the remainder when 305927 is divided by 14?
13
What is the remainder when 596220 is divided by 1094?
1084
Calculate the remainder when 1152247 is divided by 3612.
19
What is the remainder when 25716 is divided by 12837?
42
Calculate the remainder when 8255 is divided by 40.
15
Calculate the remainder when 4245 is divided by 533.
514
What is the remainder when 22115 is divided by 15?
5
Calculate the remainder when 59392 is divided by 29691.
10
Calculate the remainder when 111636 is divided by 138.
132
Calculate the remainder when 1456172 is divided by 16.
12
What is the remainder when 101078 is divided by 11?
10
What is the remainder when 7360 is divided by 12?
4
What is the remainder when 11318 is divided by 225?
68
Calculat